, -22 = -3*o - 5*n. Let f(d) = -d**3 - 2*d**2 + d - 3. Let j be f(o). What is the tens digit of (j - -1)*(-6)/12?
4
Let b(z) = -z + 10. Let t be b(9). Suppose x + t = 5. Suppose -180 = -x*l - 4*u, 0 = 3*l - 8*l + 2*u + 246. What is the tens digit of l?
4
Let f(p) = -p**2 - 7*p + 33. What is the tens digit of f(-5)?
4
Let p(k) = 22*k**2 + 15*k + 54. What is the thousands digit of p(-10)?
2
Let m = -2202 + 3532. What is the hundreds digit of m?
3
Suppose -15 = -3*s - 6. Let u be -6*((-11)/s - -3). Suppose -f = -u*g + 141, -5*f + f - 39 = -g. What is the tens digit of g?
3
Let w(l) = l - 8. Let f be w(14). Let t(j) = j**2 - 5*j - 3. What is the units digit of t(f)?
3
Suppose 2707 = -6*v + 9859. What is the units digit of v?
2
What is the hundreds digit of (11511/(-18) - -5)*-2?
2
Suppose 2*h + 36 = 8*h. Suppose -w - h = -11. What is the units digit of w/((-15)/(-36)) - -2?
4
Let x = 325 + 99. What is the units digit of x?
4
Let l(q) = -q**3 + 7*q**2 - 8. Let k be l(7). Let h = k - -27. Suppose h = -5*f + 134. What is the units digit of f?
3
Let b = -72 - -38. Let s = -27 - b. What is the units digit of s?
7
Suppose 3*w = 4*b + 31, 5*w - b + 13 = 42. What is the tens digit of (11 + 5/w)*1?
1
Suppose 0 = 7*j - 25 - 10. Suppose j*u + 14 + 46 = b, -4*b + 284 = 2*u. What is the tens digit of b?
7
What is the units digit of (-50)/40 - 1529/(-4)?
1
Let v be (-4)/(-8)*(0 - -12). Suppose 0 = -2*s - 2*c + 10, 5 = 3*s - c - v. Suppose 4*h - s = -0. What is the units digit of h?
1
Suppose 7*s - 154 = 294. Suppose 16*x - 8*x = s. What is the units digit of x?
8
Let w = 41 - -158. What is the units digit of w?
9
Let h = -435 + 863. What is the units digit of h?
8
Suppose -8*f + 4*f + 131 = -5*o, 103 = -5*o - 3*f. What is the units digit of (o/(-2))/((-10)/(-20))?
3
Suppose 0 = -8*i + 426 - 146. Suppose -i*f - 295 = -40*f. What is the units digit of f?
9
Let t(q) = q**2 - 8*q - 9. Let i be t(-9). Suppose 44*r - 49*r = -100. Suppose -4*p - r = -i. What is the tens digit of p?
3
Let y be (3 - 188/(-16))*4. Let p = 3 + y. What is the units digit of 2/(-8)*0 + p?
2
Let o be 224/22 - (-8)/(-44). Let u = o + -5. Suppose u*b + 0*b - 4*i - 88 = 0, 5*i + 10 = 0. What is the units digit of b?
6
Suppose -5*v = -2*v + 5*s - 45, -4*v = 3*s - 60. Suppose 0 = -2*g - v + 61. Suppose 3*a - 84 = 3*y, -4*a + 159 - g = 2*y. What is the units digit of a?
2
Let k be (-2)/(-18) - 208/9. Let c = 27 + k. Suppose -m - d = -6*m + 79, -c*m + 65 = d. What is the units digit of m?
6
Let h(n) = n**2 + n - 173. What is the tens digit of h(15)?
6
Let l(a) = -a**3 - 8*a**2 - a + 2. Let i be l(-8). Suppose -i*g = -11*g + 49. What is the tens digit of g?
4
Let f be 42 + (1/(1/(-3)) - 1). Suppose -35*j + f*j = 588. What is the units digit of j?
6
Suppose -4*p + 12 = 0, 3*p - 5 + 0 = 4*y. Let l = 6 - y. Suppose -6*g + 7 = -l*g. What is the units digit of g?
7
Suppose -x = 2*z - 13 - 265, -680 = -5*z + 5*x. What is the hundreds digit of z?
1
Suppose -2*q - 2 = -6. Let t(n) = -14 - q*n + 3 + 16*n + 8*n. What is the units digit of t(4)?
7
Let m(z) = z**3 + 17*z**2 - 13*z + 44. What is the hundreds digit of m(-15)?
6
Suppose -2*s - 2*o + 1318 = 0, -76*s + 72*s = -4*o - 2652. What is the hundreds digit of s?
6
Suppose 0*q + d - 3106 = -5*q, -4*d + 1228 = 2*q. What is the hundreds digit of q?
6
Let y be (25/(-2))/5*-10. Suppose -33 = -2*o - 3. Let g = y - o. What is the tens digit of g?
1
Let b(g) be the third derivative of 3*g**2 + 1/3*g**4 + 0 + 5/6*g**3 - 1/60*g**5 + 0*g. What is the units digit of b(6)?
7
What is the thousands digit of (-4 - ((-18)/(-6))/(-1)) + 2233?
2
Let m(w) = 5*w**2 - 6*w + 1. Let a be m(5). Let l = a - 24. Suppose -2*q + u = q - l, 5*u - 96 = -4*q. What is the units digit of q?
4
Suppose -42 = 2*b - 4*b - 2*x, 99 = 5*b + 3*x. What is the tens digit of 1456/(-42)*b/(-8)?
7
Let c(n) = n**3 + 23*n**2 - 26*n - 94. What is the hundreds digit of c(-22)?
9
Let u be (1 - 0 - -8) + -3. Let b be (909/u)/((-3)/(-6)). Suppose -4*q - 4*n - 51 = -5*q, -5*q + 4*n + b = 0. What is the units digit of q?
3
What is the units digit of (5102/(-8))/(37/(-148))?
1
Let k(y) = 21*y - 9. Let h be k(5). Let z = h - 20. What is the tens digit of z?
7
What is the tens digit of ((-12690)/(-540))/(-1*(-2)/372)?
7
Let k = 879 + -277. What is the units digit of k?
2
Let x = 12 - 12. Suppose 4*r - 65 = 5*i, -3*i - 63 = -4*r - x*i. What is the units digit of r?
5
Let z(c) = -164*c + 70. What is the hundreds digit of z(-3)?
5
Let q be (-8)/36 - (-87)/27. Let d be -8 + -2 + (q - 1). What is the units digit of (-1)/d*-2*-44?
1
Let f(c) = c**3 + 17*c**2 - 25*c - 11. What is the hundreds digit of f(-15)?
8
Let u = -6733 - -9894. What is the hundreds digit of u?
1
Suppose -3*k + k = 3*a - 22, 5*k = 2*a + 17. Suppose -4*z = -4*p + 24, 2*z + p - a = -1. What is the units digit of (2/6)/(z/(-24))?
8
Suppose -5685 = -5*k - 5*h + 3*h, -5*k - 3*h = -5680. What is the tens digit of k?
3
Let i(o) = -114*o - 32 + 2*o**2 + 58*o + 59*o + 6*o**2. What is the units digit of i(5)?
3
Let w(o) = -16*o + 10. What is the hundreds digit of w(-20)?
3
Let y(k) = k**3 + k. Let m be y(1). Let n be 0 + 8/2 + 0. Suppose -n*c - m*j + 4*j = -50, 3*c = -2*j + 34. What is the tens digit of c?
1
Suppose -r - 2 - 4 = -y, -4*r + 16 = 0. Suppose 0 = y*g - 13 - 17. What is the units digit of g?
3
Suppose 10*x + 2189 = 3*f + 11*x, 4*f + 4*x = 2924. What is the units digit of f?
9
Let u = -52 + -15. Let g = u + 97. What is the units digit of g?
0
Let w = 3263 + -2066. What is the tens digit of w?
9
Suppose 5*b - 142 = -0*a - 4*a, -3*b + 84 = 2*a. Let k = b + 114. What is the hundreds digit of k?
1
Let n = 508 - 104. What is the tens digit of n?
0
Let r be (-1)/(-3) - 742/21. What is the units digit of (r/(-5))/(1/7)?
9
Suppose -84*c + 78 = -78*c. Suppose 0*j + 8 = -j. Let l = c + j. What is the units digit of l?
5
Let w(z) = -2*z - 1. Let y be w(-18). Let s be 0 + -2 - (-3 - y). What is the units digit of (-9)/(s/16) - -54?
0
What is the hundreds digit of 396 - (2 - (2 - -3))?
3
Suppose -3*r = -l - 44, 3*r - 38 - 2 = -l. Let a(v) = -v + 18. Let t be a(r). Suppose t*u = -u + 105. What is the units digit of u?
1
Let h(z) = -z**3 - 24*z**2 - 12*z - 166. What is the tens digit of h(-25)?
5
Let f = 1744 + -708. What is the thousands digit of f?
1
Let j(z) = z**3 - 5*z**2 - 9*z - 2. Let a(m) = -m**3 + 7. Let f be a(0). What is the tens digit of j(f)?
3
Let m(w) = 92*w + 586. What is the tens digit of m(24)?
9
Let n(x) = 4*x + 0 + x**2 + 0*x**2 + 6. Suppose m + 13 = -2*v, 2*m + 27 = -3*v - m. What is the units digit of n(v)?
6
Let x be (-2 + 1570/(-15))*-3. Suppose t + x = 2*t. Suppose -5*z = -b + 45, 4*b - t = z - 45. What is the tens digit of b?
7
What is the tens digit of (253/253)/(2603/2602 - 1)?
0
Suppose 4*j - 5*l - 282 = 791, -531 = -2*j - 3*l. Suppose 3*s + j = 4*w - 0*s, 0 = -4*s + 12. What is the tens digit of w?
6
Suppose -1437 = -3*u - 4*n + 1745, 2*n = 4. What is the hundreds digit of u?
0
Suppose 0 = -2*j + f + 16, -3 = -2*f + 1. Suppose -3*c + 57 = -b, -b = -c + 28 - j. What is the units digit of c?
9
Let f be (2/2)/(1/(-3)). Let x be 1 + -7 + 4 + (45 - 0). What is the tens digit of f + -3 + x - 2?
3
Suppose 12*z = 3015 - 495. Suppose 0 = -2*o + 2*u + z, -5*o + 473 = -4*u - 47. What is the tens digit of o?
0
Suppose 4*z - 64 = -3*v + 21, 0 = 3*z + 15. What is the units digit of v?
5
Suppose -327 = -3*d - 0*d. Let k = d + -72. What is the tens digit of k?
3
Suppose n - 5*o - 23 = 0, 0 = 3*n - o + 4*o + 3. Suppose -n*a + 95 = -94. What is the tens digit of a?
6
Suppose 4*p + o = p + 371, 264 = 2*p + 4*o. What is the units digit of p?
2
Let i(o) = o**3 + 2*o**2 - o - 2. Let c be i(-1). Suppose 0*u - 2*g = -2*u + 18, c = 4*u + g - 36. What is the units digit of u?
9
Suppose -6*z + 7*z - 14 = 0. What is the units digit of z?
4
Let i(d) = -5*d**2 + d + 7. Let f(z) = 6*z**2 - 2*z - 8. Let o(x) = 4*f(x) + 5*i(x). Let u be o(-4). What is the units digit of (u - (0 + -1)) + 9?
9
Let c be ((-15)/(-2))/(2/4). Let d(o) = 9*o + 5. What is the hundreds digit of d(c)?
1
Let c(o) be the first derivative of o**4/4 + o**2/2 + 75*o - 3. What is the units digit of c(0)?
5
Let i be 604/(-8)*1/((-2)/16). Suppose 0 = 29*u - 31*u + i. What is the tens digit of u?
